q, -g = -4*q - 2066. Let s = -1292 + g. Suppose -5*c = 5*h - 3750, 2*h - s = h + 3*c. Is h composite?
True
Let c(w) = 6144*w - 311. Is c(12) a composite number?
False
Suppose -117*a = -112*a + 5*o - 1885780, 1131476 = 3*a - o. Is a a prime number?
False
Suppose 2*u = 5*d - 28 + 16, 2*u = 2*d - 6. Suppose d + 2 = -s, 3*b = -4*s + 36413. Is b composite?
False
Let o = 422 - 426. Suppose 1 + 2 = w. Is o/8*(w - 287) prime?
False
Let v(w) = -2*w**3 + 6*w**2 - 4*w - 8. Let r be v(-6). Suppose 0 = 11*c - 19*c + r. Is c a prime number?
True
Let a(f) be the second derivative of 55*f**4/2 - 19*f**3/3 + 225*f**2/2 + 96*f. Is a(7) a composite number?
True
Suppose -x - 13 + 75 = -2*q, -q = 4*x - 266. Let s = x + 52. Is s prime?
False
Let k be (3 + -2)*(-7 - -23). Suppose k*h = 991 + 689. Is -3 + (-80)/(6/h*-1) a prime number?
False
Is (-4)/(-104)*4 - 27864135/(-507) a composite number?
False
Let u = 138 - 294. Let s = u + 614. Is (-5)/(5/s)*9/(-6) composite?
True
Let c = 44 + -38. Let m be c/6 + (91 - -1). Is (m/5)/((-5)/(-25)) a prime number?
False
Let t = -30 + 119. Suppose -t = -13*d + 184. Let a(y) = 57*y - 46. Is a(d) prime?
True
Let t = -6264 - -11119. Suppose -3*i - 3*l = -8*i + t, 4*i - 3901 = -l. Is i a prime number?
False
Suppose 12 = 3*p - 3*y, p - 4*y - 13 = -0*y. Let o(h) = 15028*h**2 + 7*h - 8. Is o(p) prime?
False
Let t(z) = -34198*z - 1845. Is t(-11) composite?
False
Suppose 19030 = 275*q - 263*q - 44486. Is q a prime number?
False
Let l(t) = -t**3 + 25*t**2 - 20*t - 57. Suppose b - 4 = -3*g + 13, 5*g = -3*b + 59. Is l(b) prime?
True
Is (1*6613)/(1/(13 + -12)) composite?
True
Suppose 2*r - 3*i - 7652 = 0, 117*r + 5*i = 120*r - 11479. Is r a composite number?
False
Let i = -1331 - -132. Let r = 2879 + i. Let s = r + -583. Is s a composite number?
False
Let z = 104950 - 54243. Is z composite?
False
Let v(o) = 105*o**2 - 2*o + 21. Let g(p) = -105*p**2 + 3*p - 21. Let y be ((-40)/32 + 2)/(1/4). Let k(s) = y*g(s) + 4*v(s). Is k(7) a composite number?
True
Let h be (-28)/6*15/(-10). Suppose -5*r = -v + 32, 5*r - h + 93 = 3*v. Let f = 40 + v. Is f prime?
True
Let o(m) = 564*m**3 - m**2 + 34*m - 174. Is o(5) composite?
True
Let l = -80 + 106. Let m be l + (-10)/(-5) + 2. Suppose 28*y = m*y - 886. Is y prime?
True
Let r = 100 + -98. Suppose -5*c - 3*i = 75, i + 3*i + 44 = -r*c. Is ((-13448)/c - 3) + 4/(-6) a composite number?
False
Suppose 15 = 3*w + 2*o - 1, 0 = 5*w - 4*o + 10. Suppose 987 = 44*m + 107*m - 372. Is 0/(w + -1) + (200 - m) composite?
False
Is (1 - (-6)/(-9)*1)/2*1449834 a prime number?
True
Suppose 0 = 7*w + 78 - 99. Suppose -w*i - 4*b = -21461, -i + 4*b + 7143 = -0*b. Is i a composite number?
False
Suppose 0 = -4*x + 35 + 1. Let n be (-222)/x*81/(-6). Suppose h + 44 = n. Is h a prime number?
False
Let x(a) = 2221*a - 1273. Is x(24) a prime number?
False
Suppose -v + 3 = 0, g - 2*v + 3 = 1. Suppose 15981 = g*y + 1409. Is y a prime number?
True
Let t = -932 + 380. Let q = 84 - t. Suppose 3*f - 3*b = q, 2*f + 4*b = 3*f - 215. Is f a composite number?
False
Let q(i) = -2*i**2 + 10*i. Let z be q(5). Suppose -5*c + 4*y + 2727 + 1044 = 0, z = -c - 5*y + 731. Is c a prime number?
True
Let s = 59 - 53. Let g(y) = y**3 - 6*y**2 + y - 3. Let k be g(s). Suppose 5*r + 2*f = f + 5691, -r = -k*f - 1151. Is r a prime number?
False
Suppose 5*r = -20, 11*o - 26464 = 12*o + r. Let a = -17279 - o. Is a a composite number?
False
Suppose 3*t = 2*b - 3*b - 7, -t - 1 = -b. Let m(u) = -u**3 + u. Let v be m(b). Suppose -3*z + 483 = -v*z. Is z a prime number?
False
Let v(b) = 7*b**3 - 14*b**2 - 18*b - 8. Let c be ((-12)/306*-17)/((-4)/(-66)). Is v(c) a prime number?
True
Suppose -40 = -7*x + 23. Let m be -72*41*(-6)/x. Suppose 0*d + 1489 = 3*g + 5*d, 2*d + m = 4*g. Is g composite?
True
Let c be 10/3*21/35. Suppose -3*h = 2*d - 6283, -c - 4 = -2*h. Is d composite?
False
Suppose -33*q = -5871 + 1812. Let g be 0 - (-276)/(3/1). Let i = q + g. Is i prime?
False
Let t(c) = 262*c + 14. Let y(k) = -130*k - 7. Suppose -18*m = -21*m - 18. Let b(g) = m*t(g) - 13*y(g). Is b(9) a prime number?
True
Let l be (40/(-48) + 1/(-6))*0. Suppose 626 = 2*v + f + f, 4*f + 16 = l. Is v composite?
False
Suppose 88 = 4*x - 204. Suppose -x*y = -80*y + 54523. Is y prime?
True
Suppose 0 = h + 2*j + 5, 4*j + 17 = 5*h - 0*h. Let d be -3 - 29 - (2 - h). Is (296/12)/((-2)/d) a prime number?
False
Let r be (-140)/(-90) + 1/(9/4). Suppose -n + r*h + 13017 = 4*n, 2*n - 5190 = 5*h. Is n a composite number?
True
Suppose 94 = -2*m - 2*s + 64, -15 = 3*m - 3*s. Is (3 - (-15)/m)/((-1)/(-58)) a prime number?
False
Let c(y) = 13*y**2 - y + 6. Let x be c(7). Suppose 0 = -48*r + 52*r - 2344. Suppose 0 = 2*o - r - x. Is o prime?
False
Is (3 - 5 - 1359)/((242/(-5731))/22) a prime number?
False
Let r(o) = -53877*o - 5. Let t be r(-2). Suppose 6*z + 13*z = t. Is z a composite number?
True
Suppose -33 = -j - 2*x, 4 = 2*x - 2. Is j/(-36) - (-18359)/4 composite?
True
Suppose 21 = 3*l + 12, 57 = -2*j + l. Suppose 0 = -4*f - 5*a + 16, 38 - 9 = f - 5*a. Is 211/(-3)*j/f a composite number?
False
Let q(f) = -4*f + 32. Let m be q(11). Let o be (-24*m/27)/((-2)/(-1986)). Let n = o - 6603. Is n a composite number?
False
Let c(q) = -1281*q + 416. Is c(-11) a composite number?
True
Let x = -152 + 145. Let w(o) = -102*o + 41. Is w(x) a prime number?
False
Is (-82)/1517 + 5*(-2486823)/(-111) a prime number?
True
Suppose -3*f + 5*u + 163045 = -61653, 4*u = 16. Suppose -21*a = 5*a - f. Is a composite?
True
Let f = 16 - -3. Suppose 2*g - 18*m = -f*m + 17129, 0 = 2*m - 6. Is g a prime number?
True
Let g be 15/210 - (-34849356)/56. Suppose 0 = -59*v + g + 49051. Is v prime?
False
Suppose -44*b - 411120 + 5229428 = 0. Is b a prime number?
True
Let z(o) = o - 1. Let r(q) = 332*q**2 + 15*q - 2. Let g(u) = r(u) + 3*z(u). Is g(6) a prime number?
False
Suppose 13*d - 194880 - 618673 = 0. Is d a prime number?
True
Suppose -5*d - 22 = -47. Suppose d*j + 4*x = 2, 0 = -j - 2*x + 4*x + 6. Is (-1)/1 - (-2100)/(j/1) a prime number?
True
Let w(j) = 2*j**3 + 132*j**2 + 32*j - 83. Is w(-65) composite?
False
Let p = -114276 + 707809. Is p a prime number?
False
Let b(g) = 5*g**2 + 30*g. Let u be b(-6). Suppose u = 7*o - 62 - 1275. Is o a prime number?
True
Let y(b) = -13*b**3 - 8*b**2 - 6*b - 15. Let i(x) = 14*x**3 + 8*x**2 + 5*x + 15. Let h(f) = 5*i(f) + 4*y(f). Let k be h(6). Is (-6)/9*k*(-1)/2 prime?
True
Let a = 107 + -116. Is (-18)/a*(-967)/(-2) composite?
False
Suppose 0 = 3*c - 2*m - 42880, 0*c + 3*c - 4*m - 42890 = 0. Suppose -5*r = i - c, 2*r + 4*i - 5693 = -i. Is 6/9*r - 3 composite?
True
Let f = 344211 - 97948. Is f a composite number?
True
Let l = 8302 - 2295. Is l a composite number?
False
Suppose 4*a + 54463 = 5*u, -9*a + 8*a + 10898 = u. Is u/3*(-6 + (-108)/(-15)) a composite number?
True
Suppose 2*j = -3*m + 31, 3*m + 3*j - 46 = -2*j. Let t(q) = 81*q**2 - 21*q + 11. Is t(m) a composite number?
False
Suppose -40*a - 48*a + 21909448 = 0. Is a composite?
False
Suppose 91*k - 4350508 = -97*k. Is k composite?
True
Suppose -5*i - 4*v - 2 = 0, -4*i - 2*v + 4*v + 14 = 0. Suppose -8761 = -5*h - w + 2886, -i*h + 2*w + 4654 = 0. Is h prime?
False
Suppose 32623 = 5*k - 3*v, 32261 = 4*k - 4*v + 6153. Is k a composite number?
False
Let l(s) = 14*s - 82. Is l(22) prime?
False
Let n be (4/(-6))/((-5)/(-330)). Let h = -32 - n. Is (-3586)/(-8) + 1 - 3/h prime?
True
Suppose -2*a = b - 94357, 5*a - 235865 = 6*b - 3*b. Suppose 0 = 49*u - 41*u - a. Is u a composite number?
False
Let t be -2*-4*(-4)/(-8). Let y(n) = 6038*n + 17. Let z be y(t). Suppose z = 6*s + 6175. Is s a prime number?
True
Suppose -84*q = -81*q - 54. Suppose q*z = 275812 - 26890. Is z prime?
True
Let f = -705 - -1404. Suppose -31 + f = 2*m + 2*t, -5*m - 3*t + 1664 = 0. Is m prime?
True
Is 93646 + 3 + -1 - (50 - 49) prime?
False
Let t(k) be the first derivative of -k**4/4 + 4*k**3/3 + k**2 - 5*k - 28. Let y be t(3). Suppose 3*g - 8983 = -y*g. Is g a prime number?
True
Suppose 2 = 3*z - 2*z. Suppose z*p + 2*p = 3*q + 42905, -4*p - q + 42909 = 0. Is p composite?
True
Suppose -5*z + 28 = -9*z - r, -7 = z - 3*r. Is (z/5 - -1) + (-121821)/(-15) prime?
False
Let r(x) = -2 + 4 + x + 9 + 1057*x**2 + 94*x**2 + x. Is r(-6) a prime number?
False
Let p(r) = 162*r**2 - 4*r + 3. Let z be p(1).